hat are the prime factors of r(-1)?
2, 29
Let o(n) = n**2 - n - 1. Let j be o(2). List the prime factors of 6/3 + j + 14.
17
Suppose -5*b + 5*w + 5500 = 0, 4*b + 0*w - 4398 = 3*w. List the prime factors of b.
2, 3, 61
Let b(i) = i**3 + 8*i**2 - 3*i - 9. Let p be b(-6). Let c be p/9*(-1 + 0). Let l = c + 12. List the prime factors of l.
3
Suppose -10*w = -25*w + 16665. What are the prime factors of w?
11, 101
Let u be (1 - 2)/(5/(-20)). Suppose u*x = -2*x + 48. List the prime factors of (x/12)/((-1)/(-42)).
2, 7
What are the prime factors of -96*((-8)/(-1) - 9)?
2, 3
Suppose -4*k - 238 = -3*k. Let d = -280 + k. List the prime factors of d/(-10) - (-5)/25.
2, 13
Let x(w) = 673*w + 151. List the prime factors of x(1).
2, 103
Let u(a) = 2*a**3 + 6*a**2 - 9. Suppose -5*t + 5*p + 22 = 2, 0 = -2*t + p + 7. List the prime factors of u(t).
3, 11
Let i = 2 + -2. Suppose -18*b + 19*b - 73 = i. List the prime factors of b.
73
Let i be (-41)/4 + (-42)/56. Let r = 27 - i. What are the prime factors of r?
2, 19
Let w(i) = i + 3. Let p be w(-11). Let v(y) = 6*y**2 + 36*y + 12. What are the prime factors of v(p)?
2, 3
Let p = 974 - -2258. List the prime factors of p.
2, 101
Let m be (-4)/3*(1 - -2). Let h be m + 6 + 0/(-2). Suppose 5*w - h*w = 78. What are the prime factors of w?
2, 13
Let t(q) be the first derivative of q**3 + 9*q + 6. Let k be t(5). Suppose 2*b = -3*d + 56, -3*b = d - 5*d - k. List the prime factors of b.
2, 7
Let n(s) be the third derivative of s**5/60 + 5*s**4/8 + s**3/6 + 4*s**2. Let l be n(-15). List the prime factors of (13/(-4))/(l/(-12)).
3, 13
What are the prime factors of ((-4)/(-2))/12 - (-1671)/18?
3, 31
Suppose 0 = 3*b + 5*z - 2*z - 1032, 2*z + 332 = b. What are the prime factors of b?
2, 5, 17
Let t(d) = -d**3 + 11*d**2 + 20*d - 23. What are the prime factors of t(-12)?
3049
Suppose m + 7 = 3*d, -2*m + 0*m - 3*d - 32 = 0. Let o(w) = w**2 + 10*w - 26. List the prime factors of o(m).
13
Suppose -355 - 865 = -4*k. Suppose -5*j + 304 = -4*f, j - 5*f = -4*j + k. List the prime factors of j.
2, 3, 5
Let w = 24 - 24. Suppose -2*d + 6 = -w*l - 5*l, 3*l - 5*d = -15. Suppose 0*y - y = -2, -2*u - y + 22 = l. List the prime factors of u.
2, 5
Let g(n) = -296*n - 82. What are the prime factors of g(-6)?
2, 7, 11
Let c be 407 - ((-12)/8)/((-12)/(-32)). Let v = -158 + c. List the prime factors of v.
11, 23
Let b(c) = c + 11. Let x be b(-7). Suppose -3*q + 301 = x*q. What are the prime factors of q?
43
Let l(j) = -3526*j**2 + 5*j - 4. Let q be l(2). What are the prime factors of q/(-84) - (-2)/12?
2, 3, 7
Let x be 2/(-15)*-3 + (-256)/40. What are the prime factors of (18 - 1) + 2 + (-24)/x?
23
List the prime factors of 10 - 48/6 - -1069.
3, 7, 17
Let j(o) = o**3 - 9*o**2 + 7*o + 3. Let l be j(7). Let g = 108 + l. Suppose 2*p = -3*p - 2*v + 259, -p + 3*v + g = 0. What are the prime factors of p?
53
Let i = 326 - -490. What are the prime factors of i?
2, 3, 17
Suppose 5*v + 5*b - 575 = 0, 2*b = -3*b - 5. What are the prime factors of v?
2, 29
List the prime factors of (5 + -9)/(2/(-218)).
2, 109
Suppose -2*c = -3*g - 9, -6*c - g = -c + 20. Suppose 4*n = -0*n + 88. Let r = n - c. List the prime factors of r.
5
Suppose 0 = -15*x + 6*x + 126. Let q = x - -15. List the prime factors of q.
29
Suppose 184*m = 181*m + 366. List the prime factors of m.
2, 61
Suppose 3033 = 54*z - 11547. List the prime factors of z.
2, 3, 5
Let t = -139 + 217. Let b = 110 - t. List the prime factors of b.
2
Let o be (24/15 + -1)/(4/20). Suppose -5*v = 15, -o*i - 3*v + 63 = -5*v. What are the prime factors of i?
19
Let r = -25 + 56. Suppose -b + 3 + r = 0. List the prime factors of b.
2, 17
Let n = 2 + -2. Suppose -48*v - 60 = -51*v. Suppose n*i + i - v = 0. What are the prime factors of i?
2, 5
Let j = 4 - 2. Suppose 0 = 74*y - 71*y + 78. List the prime factors of 6/j - y*1.
29
Suppose 759 = 10*x + 469. What are the prime factors of x?
29
Let t = -368 + 667. Let c = t - 148. List the prime factors of c.
151
Let c(s) = 48*s - 40. Let d be c(11). Suppose -u = -4*x + d, -350 = -2*x + 4*u - 92. List the prime factors of x.
11
Let d be (-621)/2 - 1*1/(-2). Let m = d + 455. List the prime factors of m.
5, 29
Let c(w) = 3*w**2 - 3*w + 1. Let x be c(6). Suppose 55 = 2*k - x. Suppose 0*j - 37 = -j - 4*d, -4*j + k = d. List the prime factors of j.
17
Let n = 1668 + -771. What are the prime factors of n?
3, 13, 23
Let u(b) = 17*b - 9. Let s(c) = -c**3 + 3*c**2 + 4*c - 4. Let n be s(3). Let i = n - 5. List the prime factors of u(i).
2, 3, 7
Let w(n) = 3*n**3 - 3*n**2 + n + 1. Let x be w(1). Suppose -m = -5*v - 223, 6*v = x*m + v - 441. List the prime factors of m.
2, 109
Let d(k) = 77*k + 28. What are the prime factors of d(9)?
7, 103
Suppose 5*i - 2*o = 6, -i - 2 = -0*i - 2*o. Suppose -54 = i*c + 2*s - 148, 4*c + 3*s = 185. What are the prime factors of c?
2, 11
Let f(j) = j**2 + 7*j + 10. Let s be (-2)/3*(-6 - -15). Let i be f(s). What are the prime factors of (i - -3) + 12/3?
11
Let m(s) = 31*s + 44. Let x be m(18). Suppose -5*g = -808 - x. List the prime factors of g.
2, 3, 47
Suppose 0 = 17*b + 16048 - 74358. List the prime factors of b.
2, 5, 7
Suppose -4*n + 168 = -0*n + 4*g, -60 = -2*n + 4*g. Suppose -5*k - 22 = n. Let l = k + 16. List the prime factors of l.
2
Let n = 4 + -1. Let z be (-1116)/n*(-1)/2. Suppose 5*i - 79 = z. What are the prime factors of i?
53
Let x be 4/(-14) + (-89)/7. Let d be (-5 + 8)*68/(-6). Let j = x - d. List the prime factors of j.
3, 7
Suppose -5*f = -4*q - 114, 2*f + 21 = 3*f + q. Suppose -2*c = -3*m - c + f, m - c = 10. Suppose -s = -m*s + 165. List the prime factors of s.
3, 11
Let h = -19 + 36. Let o(w) = 2*w**2 + 15*w + 18. Let y be o(-5). Let u = h + y. What are the prime factors of u?
2, 5
Suppose 0 = z + 1, -6*m + m - 5*z + 120 = 0. Let k(f) = f**3 - 24*f**2 - 26*f + 58. List the prime factors of k(m).
3, 11
Suppose -6 = c - 11. Suppose -3*v + q + q = -526, -2*v + c*q + 347 = 0. Suppose 0*u - 4*m + v = 4*u, 4*u = -m + 182. List the prime factors of u.
2, 23
Let p be (-4 + (2 - 3))/(-1). Suppose 16 = 4*y - 5*l - 40, 5*y + p*l - 25 = 0. What are the prime factors of y?
3
Let f(z) = -6*z**3 - 4*z**2 - 13*z - 7. What are the prime factors of f(-5)?
2, 3, 59
Let v(z) be the second derivative of z**5/20 + z**4/4 - z**3/6 - z**2/2 - 2*z. Let o be v(-2). Suppose o*w - 145 = -0*w. List the prime factors of w.
29
Let o be (1 - 0)/(396/100 + -4). Suppose -2*f - 26 = -2*u, 2*f + 3*u + 12 = -34. Let y = f - o. What are the prime factors of y?
2
Let v = 6 + -2. Let p = 18 + -16. Suppose -20 + v = -p*r. List the prime factors of r.
2
Let r = 18 + -10. Let m = -3 + r. Suppose m*b - 60 = -3*j, -2*j - j - 60 = -3*b. What are the prime factors of b?
3, 5
Let h = 3 + -3. Suppose -2*n + 15 = n. Suppose h = -5*y - n*u + 316 - 121, -3*y + u = -125. What are the prime factors of y?
41
Suppose -2*v + 112 = -0*j + 5*j, -5*v - 3*j + 280 = 0. What are the prime factors of v?
2, 7
Let u be 23/((3/5)/3). Suppose -k + 357 = 2*k + 3*o, o + u = k. Suppose -3*d = -k - 51. List the prime factors of d.
2, 7
Let k be 1 + -1 + 61 + 2. Let b be ((-162)/k)/(3/(-14)). Suppose -4*f + 0 + b = 0. What are the prime factors of f?
3
Let a(p) = 2*p**3 + 6*p**2 - p + 1. Let n be a(-3). Suppose 8*i - 30 = 5*i + 4*b, -5*b + 9 = n*i. List the prime factors of 31*i/(-9)*-3.
2, 31
Suppose 90*c - 69*c - 25032 = 0. List the prime factors of c.
2, 149
Let b(c) = -c + 7*c**2 + 4*c**3 - 6 - 3*c**3 - 14*c - 2. Let u be b(-6). Suppose -2*p - 1 = -p, -5*p = 3*w - u. List the prime factors of w.
41
Suppose -7*q + s = -41849 + 3947, -5*s = -4*q + 21645. What are the prime factors of q?
3, 5, 19
Suppose -2 = 4*j + 2. Let f = j - -1. Suppose 0 = -f*y - 5*y - 2*a + 104, y - a - 25 = 0. What are the prime factors of y?
2, 11
What are the prime factors of 2/(-15) + 522597/765?
683
Suppose 5*l - 2*x + 150 + 58 = 0, 2*l + 96 = 4*x. Let z be (-2)/(-10) - (-1168)/l. Let c = z - -48. What are the prime factors of c?
19
Let q(v) = 8*v**2 + 44*v - 101. What are the prime factors of q(21)?
19, 229
Let m = 936 - 481. What are the prime factors of 3*((-116)/(-10))/(78/m)?
7, 29
Suppose 2*u + 3*u + 15 = 0, -2*u = 4*a + 3530. What are the prime factors of a/(-8) + 4/(-32)?
2, 5, 11
Let w(y) = 114*y - 21. What are t